{"id":11,"date":"2020-03-23T11:08:57","date_gmt":"2020-03-23T11:08:57","guid":{"rendered":"http:\/\/wordpress.steuerkanzlei-hornstein.de\/?page_id=11"},"modified":"2025-12-03T13:26:13","modified_gmt":"2025-12-03T13:26:13","slug":"impressum","status":"publish","type":"page","link":"https:\/\/www.steuerkanzlei-hornstein.de\/?page_id=11","title":{"rendered":"Impressum"},"content":{"rendered":"\n<p>Angaben gem\u00e4\u00df \u00a7 5 DDG<\/p>\n\n\n\n<p><strong>Verantwortlicher f\u00fcr die Inhalte dieser Webseite<\/strong><\/p>\n\n\n\n<pre class=\"wp-block-verse\">Hornstein Steuerberatungs GmbH<br>M\u00fcnchener Str. 105<br>85435 Altenerding <br> <br>Sitz der Gesellschaft: Erding (HRB 252833, Amtsgericht M\u00fcnchen)<br>Gesch\u00e4ftsf\u00fchrerin: Anna Hornstein, Steuerberaterin<br><br>Telefon: +49 (0)8122 \/ 422 92<br>Telefax: +49 (0)8122 \/ 424 81 <br><br>E-Mail: <a href=\"mailto:impressum@hornstein-gmbh.de\">impressum@hornstein-gmbh.de<\/a><br><br><a aria-label=\" (\u00f6ffnet in neuem Tab)\" href=\"https:\/\/www.steuerkanzlei-hornstein.de\/\" target=\"_blank\" rel=\"noreferrer noopener\">https:\/\/www.steuerkanzlei-hornstein.de<\/a> <br><br>Wirtschafts-Identifikationsnummer gem\u00e4\u00df \u00a7 139 c Abgabenordnung:<br>DE327154124-00001<\/pre>\n\n\n\n<p>\u00a0<strong>Zust\u00e4ndige Aufsichtsbeh\u00f6rde<\/strong><\/p>\n\n\n\n<pre class=\"wp-block-verse\">Steuerberaterkammer M\u00fcnchen<br>Nederlinger Stra\u00dfe 9<br>80638 M\u00fcnchen<br><br>Tel.: +49 (0)89 \/ 15 79 02-0<br>Email: <a href=\"mailto:info@stbk-muc.de\">info@stbk-muc.de<\/a><br><br><a href=\"http:\/\/www.steuerberaterkammer-muenchen.de\">https:\/\/www.steuerberaterkammer-muenchen.de<\/a> <\/pre>\n\n\n\n<p><strong>Der Berufsstand der Steuerberater unterliegt im Wesentlichen den nachstehenden gesetzlichen Regelungen<\/strong><\/p>\n\n\n\n<p>Steuerberatungsgesetz (StBerG), Durchf\u00fchrungsverordnung zum StBerG \n(DVStB), Berufsordnung (BOStB), Steuerberatergeb\u00fchrenverordnung \n(StBGebV), Steuerberaterverg\u00fctungsverordnung (StBVV)<\/p>\n\n\n\n<p><strong>Berufsbezeichnung<\/strong><\/p>\n\n\n\n<p>Die Berufsbezeichnung Steuerberater\/Steuerberaterin wurde in der Bundesrepublik Deutschland (Bayern) verliehen.<\/p>\n\n\n\n<p><strong>Berufsrechtliche Regelungen<\/strong><\/p>\n\n\n\n<p>Informationen zu diesen Regelungen finden Sie auf der Internetseite der Steuerberaterkammer M\u00fcnchen <a href=\"http:\/\/www.steuerberaterkammer-muenchen.de\" target=\"_blank\" rel=\"noreferrer noopener\">www.steuerberaterkammer-muenchen.de<\/a> und Bundessteuerberaterkammer <a href=\"http:\/\/www.bstbk.de\" data-type=\"link\" data-id=\"www.bstbk.de\">www.bstbk.de<\/a>.<\/p>\n\n\n\n<p><br><strong>Berufshaftpflichtversicherung<\/strong><\/p>\n\n\n\n<p><strong>Name und Sitz des Versicherers:<\/strong><br>Ergo Versicherung AG, D\u00fcsseldorf<\/p>\n\n\n\n<p><strong>Geltungsbereich der Versicherung:<\/strong><br>Der r\u00e4umliche Geltungsbereich des Versicherungsschutzes umfasst Dienstleistungen in den Mitgliedsl\u00e4ndern der Europ\u00e4ischen Union und gen\u00fcgt mindestens den Anforderungen der \u00a7 67 Steuerberatungsgesetz (StBerG) sowie \u00a7\u00a7 51 ff. Verordnung zur Durchf\u00fchrung der Vorschriften \u00fcber Steuerberater, Steuerbevollm\u00e4chtigte und Steuerberatungsgesellschaften (DVStB).<\/p>\n\n\n\n<p><strong>Redaktionell verantwortlich<\/strong><\/p>\n\n\n\n<p>Hornstein Steuerberatungs GmbH<\/p>\n\n\n\n<p>Alle Angaben unseres Internetangebots haben wir sorgf\u00e4ltig gepr\u00fcft. Das Informationsangebot erweitern und aktualisieren wir laufend. Eine Garantie f\u00fcr die Richtigkeit, Vollst\u00e4ndigkeit und letzte Aktualit\u00e4t k\u00f6nnen wir nicht \u00fcbernehmen. F\u00fcr Verbesserungsvorschl\u00e4ge zu unserer Internet-Site sind wir allen Einsendern dankbar. Schicken Sie uns einfach eine E-Mail: <a href=\"mailto:info@steuerkanzlei-hornstein.de\">info@steuerkanzlei-hornstein.de<\/a><\/p>\n\n\n\n<p><\/p>\n\n\n\n<p><br><strong>Hinweise zur Haftung und Urheberrecht<\/strong><\/p>\n\n\n\n<p><strong>Haftung f\u00fcr Inhalte<\/strong><br>Als Diensteanbieter sind wir gem\u00e4\u00df \u00a7 7 Abs.1 DDG f\u00fcr eigene Inhalte auf diesen Seiten nach den allgemeinen Gesetzen verantwortlich. Wir sind jedoch nicht verpflichtet, \u00fcbermittelte oder gespeicherte fremde Informationen zu \u00fcberwachen oder nach Umst\u00e4nden zu forschen, die auf eine rechtswidrige T\u00e4tigkeit hinweisen. Verpflichtungen zur Entfernung oder Sperrung der Nutzung von Informationen nach den allgemeinen Gesetzen bleiben hiervon unber\u00fchrt. Eine diesbez\u00fcgliche Haftung ist jedoch erst ab dem Zeitpunkt der Kenntnis einer konkreten Rechtsverletzung m\u00f6glich. Bei Bekanntwerden von entsprechenden Rechtsverletzungen werden wir diese Inhalte umgehend entfernen.<\/p>\n\n\n\n<p><strong>Haftung f\u00fcr Links<\/strong><br>Unser Angebot enth\u00e4lt Links zu externen Websites Dritter, auf deren Inhalte wir keinen Einfluss haben. Deshalb k\u00f6nnen wir f\u00fcr diese fremden Inhalte auch keine Gew\u00e4hr \u00fcbernehmen. F\u00fcr die Inhalte der verlinkten Seiten ist stets der jeweilige Anbieter oder Betreiber der Seiten verantwortlich. Die verlinkten Seiten wurden zum Zeitpunkt der Verlinkung auf m\u00f6gliche Rechtsverst\u00f6\u00dfe \u00fcberpr\u00fcft. Rechtswidrige Inhalte waren zum Zeitpunkt der Verlinkung nicht erkennbar. Eine permanente inhaltliche Kontrolle der verlinkten Seiten ist jedoch ohne konkrete Anhaltspunkte einer Rechtsverletzung nicht zumutbar. Bei Bekanntwerden von Rechtsverletzungen werden wir derartige Links umgehend entfernen.<\/p>\n\n\n\n<p><strong>Urheberrecht<\/strong><br>Die durch die Seitenbetreiber erstellten Inhalte und Werke auf diesen Seiten unterliegen dem deutschen Urheberrecht. Die Vervielf\u00e4ltigung, Bearbeitung, Verbreitung und jede Art der Verwertung au\u00dferhalb der Grenzen des Urheberrechtes bed\u00fcrfen der schriftlichen Zustimmung des jeweiligen Autors bzw. Erstellers. Downloads und Kopien dieser Seite sind nur f\u00fcr den privaten, nicht kommerziellen Gebrauch gestattet. Soweit die Inhalte auf dieser Seite nicht vom Betreiber erstellt wurden, werden die Urheberrechte Dritter beachtet. Insbesondere werden Inhalte Dritter als solche gekennzeichnet. Sollten Sie trotzdem auf eine Urheberrechtsverletzung aufmerksam werden, bitten wir um einen entsprechenden Hinweis. Bei Bekanntwerden von Rechtsverletzungen werden wir derartige Inhalte umgehend entfernen.<\/p>\n\n\n\n<p><strong>EU-Streitschlichtung<\/strong><br>Die Europ\u00e4ische Kommission stellt eine Plattform zur Online-Streitbeilegung (OS) bereit: <a href=\"https:\/\/ec.europa.eu\/consumers\/odr\/\" target=\"_blank\" rel=\"noreferrer noopener\">https:\/\/ec.europa.eu\/consumers\/odr\/<\/a>. Unsere E-Mail-Adresse finden Sie oben im Impressum.<\/p>\n\n\n\n<p><strong>Verbraucherstreitbeilegung\/Universalschlichtungsstelle<\/strong><br>Wir sind nicht bereit oder verpflichtet, an Streitbeilegungsverfahren vor einer Verbraucherschlichtungsstelle teilzunehmen.<\/p>\n","protected":false},"excerpt":{"rendered":"<p>Angaben gem\u00e4\u00df \u00a7 5 DDG Verantwortlicher f\u00fcr die Inhalte dieser Webseite Hornstein Steuerberatungs GmbHM\u00fcnchener Str. 10585435 Altenerding Sitz der Gesellschaft: Erding (HRB 252833, Amtsgericht M\u00fcnchen)Gesch\u00e4ftsf\u00fchrerin: Anna Hornstein, SteuerberaterinTelefon: +49 (0)8122 \/ 422 92Telefax: +49 (0)8122 \/ 424 81 E-Mail: impressum@hornstein-gmbh.dehttps:\/\/www.steuerkanzlei-hornstein.de Wirtschafts-Identifikationsnummer gem\u00e4\u00df \u00a7 139 c Abgabenordnung:DE327154124-00001 \u00a0Zust\u00e4ndige Aufsichtsbeh\u00f6rde Steuerberaterkammer M\u00fcnchenNederlinger Stra\u00dfe 980638 M\u00fcnchenTel.: +49 (0)89 &hellip; <a href=\"https:\/\/www.steuerkanzlei-hornstein.de\/?page_id=11\" class=\"more-link\"><span class=\"screen-reader-text\">\u201eImpressum\u201c<\/span> weiterlesen<\/a><\/p>\n","protected":false},"author":1,"featured_media":0,"parent":0,"menu_order":0,"comment_status":"closed","ping_status":"closed","template":"","meta":{"footnotes":""},"class_list":["post-11","page","type-page","status-publish","hentry"],"_links":{"self":[{"href":"https:\/\/www.steuerkanzlei-hornstein.de\/index.php?rest_route=\/wp\/v2\/pages\/11","targetHints":{"allow":["GET"]}}],"collection":[{"href":"https:\/\/www.steuerkanzlei-hornstein.de\/index.php?rest_route=\/wp\/v2\/pages"}],"about":[{"href":"https:\/\/www.steuerkanzlei-hornstein.de\/index.php?rest_route=\/wp\/v2\/types\/page"}],"author":[{"embeddable":true,"href":"https:\/\/www.steuerkanzlei-hornstein.de\/index.php?rest_route=\/wp\/v2\/users\/1"}],"replies":[{"embeddable":true,"href":"https:\/\/www.steuerkanzlei-hornstein.de\/index.php?rest_route=%2Fwp%2Fv2%2Fcomments&post=11"}],"version-history":[{"count":17,"href":"https:\/\/www.steuerkanzlei-hornstein.de\/index.php?rest_route=\/wp\/v2\/pages\/11\/revisions"}],"predecessor-version":[{"id":520,"href":"https:\/\/www.steuerkanzlei-hornstein.de\/index.php?rest_route=\/wp\/v2\/pages\/11\/revisions\/520"}],"wp:attachment":[{"href":"https:\/\/www.steuerkanzlei-hornstein.de\/index.php?rest_route=%2Fwp%2Fv2%2Fmedia&parent=11"}],"curies":[{"name":"wp","href":"https:\/\/api.w.org\/{rel}","templated":true}]}}